{"id":1032,"date":"2022-01-31T16:30:29","date_gmt":"2022-01-31T13:30:29","guid":{"rendered":"https:\/\/atom.ubbcluj.ro\/fizika\/?page_id=1032"},"modified":"2025-09-04T13:51:34","modified_gmt":"2025-09-04T10:51:34","slug":"a-felveteli-menete","status":"publish","type":"page","link":"https:\/\/atom.ubbcluj.ro\/fizika\/a-felveteli-menete\/","title":{"rendered":"A felv\u00e9teli menete"},"content":{"rendered":"\n<h3 class=\"wp-block-heading\">Alapk\u00e9pz\u00e9s <\/h3>\n\n\n\n<p>A jelentkez\u0151k 3 m\u00f3don nyerhetnek felv\u00e9telt a Fizika Kar alapk\u00e9pz\u00e9si szakjaira. Ezek k\u00f6z\u00fcl a jelentkez\u0151 szabadon kiv\u00e1laszthatja a sz\u00e1m\u00e1ra legel\u0151ny\u00f6sebb m\u00f3dot, de mindegyik eset\u00e9n a v\u00e9gig kell j\u00e1rni az adminisztrat\u00edv proced\u00far\u00e1t. <\/p>\n\n\n\n<ul class=\"wp-block-list\">\n<li><strong>Felv\u00e9tel az Augustin Maior fizikaversenyen el\u00e9rt eredm\u00e9nyek alapj\u00e1n:<\/strong> Az Augustin Maior fizikaverseny d\u00edjazottai (akik legal\u00e1bb 90 pont \u00e9rtek el a versenyen) 10-es felv\u00e9teli jeggyel jutnak be, m\u00edg a 70 \u00e9s 89 k\u00f6z\u00f6tti pontsz\u00e1mmal rendelkez\u0151k felv\u00e9teli jegy\u00e9t a k\u00f6vetkez\u0151 \u00f6sszef\u00fcgg\u00e9ssel sz\u00e1moljuk: (Felv\u00e9teli jegy) = (Augustin Maior pontsz\u00e1m)\/60 +25\/3. Tov\u00e1bbi r\u00e9szletek a Fizika Kar <a rel=\"noreferrer noopener\" href=\"https:\/\/atom.ubbcluj.ro\/fizika\/felveteli-szabalyzat\/\" data-type=\"page\" data-id=\"2058\" target=\"_blank\">felv\u00e9teli szab\u00e1lyzat\u00e1nak<\/a> 2 alpontj\u00e1ban tal\u00e1lhat\u00f3ak. <\/li>\n\n\n\n<li><strong>Felv\u00e9tel a tanulm\u00e1nyi versenyeken el\u00e9rt eredm\u00e9nyek alapj\u00e1n:<\/strong> A fizika, matematika vagy informatika tanulm\u00e1nyi versenyeken kiv\u00e1l\u00f3 eredm\u00e9nyeket el\u00e9rt di\u00e1kok felv\u00e9telt nyerhetnek a Fizika Kar <a rel=\"noreferrer noopener\" href=\"https:\/\/atom.ubbcluj.ro\/fizika\/felveteli-szabalyzat\/\" data-type=\"page\" data-id=\"2058\" target=\"_blank\">felv\u00e9teli szab\u00e1lyzat\u00e1nak<\/a> 2 alpontj\u00e1ban ler\u00f6gz\u00edtett m\u00f3don.<\/li>\n\n\n\n<li><strong>Felv\u00e9tel a felv\u00e9teli vizsg\u00e1n el\u00e9rt eredm\u00e9nyek alapj\u00e1n:<\/strong> Ebben az esetben a felv\u00e9teli jegyet a <em>0,5xT+0,5x\u00c9<\/em> \u00f6sszef\u00fcgg\u00e9s alapj\u00e1n sz\u00e1moljuk, ahol<em> T <\/em>az \u00edr\u00e1sbeli felv\u00e9teli vizsg\u00e1n (teszt) el\u00e9rt eredm\u00e9ny, m\u00edg a <em>\u00c9<\/em> az \u00e9retts\u00e9gi alapj\u00e1n sz\u00e1molt jegy. <em>\u00c9 <\/em>lehet az \u00e9retts\u00e9gi vizsg\u00e1k \u00e1tlaga, vagy a fizika, matematika, illetve informatika \u00e9retts\u00e9gi vizsg\u00e1k jegyei k\u00f6z\u00fcl az egyik. Ezen jegyek k\u00f6z\u00fcl a felv\u00e9teliz\u0151 szabadon kiv\u00e1lasztja a sz\u00e1m\u00e1ra legel\u0151ny\u00f6sebbet.<\/li>\n<\/ul>\n\n\n\n<hr class=\"wp-block-separator has-alpha-channel-opacity\" \/>\n\n\n\n<p>Tov\u00e1bbi r\u00e9szletek a Fizika Kar <a href=\"https:\/\/atom.ubbcluj.ro\/fizika\/felveteli-szabalyzat\/\" data-type=\"page\" data-id=\"2058\" target=\"_blank\" rel=\"noreferrer noopener\">felv\u00e9teli szab\u00e1lyzat\u00e1ban<\/a> tal\u00e1lhat\u00f3ak.<\/p>\n\n\n\n<p>A beiratkoz\u00e1s az egyetem online fel\u00fclet\u00e9n kereszt\u00fcl t\u00f6rt\u00e9nik<\/p>\n\n\n\n<div class=\"wp-block-buttons is-layout-flex wp-block-buttons-is-layout-flex\">\n<div class=\"wp-block-button\"><a class=\"wp-block-button__link wp-element-button\" href=\"https:\/\/admitere.ubbcluj.ro\/\"><i class=\"fas fa-file-contract\"><\/i> ONLINE iratkoz\u00e1s<\/a><\/div>\n<\/div>\n\n\n\n<p><\/p>\n\n\n\n<p class=\"iratkozas\"><a href=\"#\"><i class=\"fas fa-angle-double-right\"><\/i> A beiratkoz\u00e1shoz sz\u00fcks\u00e9ges dokumentumok list\u00e1ja<\/a><\/p>\n\n\n\n<p>Itt let\u00f6lthet\u0151 <a href=\"https:\/\/phys.ubbcluj.ro\/admitere\/2024\/Anexa2_form_lic_2024.docx\" target=\"_blank\" rel=\"noreferrer noopener\">a beiratkoz\u00e1si \u0171rlap (Anexa 2)<\/a> docx form\u00e1tumban.<\/p>\n\n\n\n<p><a href=\"https:\/\/phys.ubbcluj.ro\/admitere\/2024\/informatii_completare_date_licenta_2024.pdf\" target=\"_blank\" rel=\"noreferrer noopener\">Rom\u00e1n nyelv\u0171 inform\u00e1ci\u00f3k<\/a> az online iratkoz\u00e1ssal kapcsolatban.<\/p>\n\n\n\n<hr class=\"wp-block-separator has-alpha-channel-opacity\" \/>\n\n\n\n<p>A hely elfoglal\u00e1s\u00e1nak vissszaigazol\u00e1sa k\u00e9t l\u00e9p\u00e9sben t\u00f6rt\u00e9nik:<\/p>\n\n\n\n<div class=\"wp-block-group\"><div class=\"wp-block-group__inner-container is-layout-flow wp-block-group-is-layout-flow\">\n<ol class=\"wp-block-list\">\n<li><strong>Online<\/strong> a &nbsp;BBTE webes fel\u00fclet\u00e9n kereszt\u00fcl\n<ul class=\"wp-block-list\">\n<li>A jel\u00f6lt <strong>az els\u0151<\/strong> opci\u00f3k\u00e9nt megjel\u00f6lt szakra nyert felv\u00e9telt: bekattintja a &#8220;confirmare&#8221; jel\u00f6l\u0151gombot \u00e9s felt\u00f6lti az al\u00e1\u00edrt tanulm\u00e1nyi szerz\u0151d\u00e9st; kifizeti a tanulm\u00e1nyi d\u00edj els\u0151 r\u00e9szlet\u00e9t (900 RON), amennyiben tand\u00edjas helyre nyert felv\u00e9telt.<\/li>\n\n\n\n<li>A jel\u00f6lt <strong>nem az els\u0151<\/strong> opci\u00f3k\u00e9nt megjel\u00f6lt szakra nyert felv\u00e9telt: bekattintja a &#8220;confirmare&#8221; \u00e9s a &#8220;doresc redistribuire&#8221; jel\u00f6l\u0151gombokat majd felt\u00f6lti az al\u00e1\u00edrt tanulm\u00e1nyi szerz\u0151d\u00e9st az aktu\u00e1lis szakra vonatkoz\u00f3an; kifizeti a tanulm\u00e1nyi d\u00edj els\u0151 r\u00e9szlet\u00e9t (900 RON), amennyiben tand\u00edjas helyre nyert felv\u00e9telt.<\/li>\n\n\n\n<li>A jel\u00f6lt v\u00e1rakoz\u00e1si list\u00e1n van: bekattintja a  &#8220;doresc redistribuire&#8221; jel\u00f6l\u0151gombot.<\/li>\n<\/ul>\n<\/li>\n\n\n\n<li><strong>Szem\u00e9lyesen<\/strong> a Fizika Kar titk\u00e1rs\u00e1g\u00e1n leadva az al\u00e1bbi dokumentumokat 2025 szeptember 11-\u00e9n, 9.00 \u00e9s 14.00 \u00f3ra k\u00f6z\u00f6tt.<\/li>\n<\/ol>\n<\/div><\/div>\n\n\n\n<p class=\"visszaigazolas\"><a href=\"#\"><i class=\"fas fa-angle-double-right\"><\/i> a hely elfoglal\u00e1s\u00e1nak vissszaigazol\u00e1s\u00e1hoz sz\u00fcks\u00e9ges dokumentumok list\u00e1ja<\/a><\/p>\n\n\n\n<p>A bentlak\u00e1si hely k\u00e9rv\u00e9nyez\u00e9se a t\u00f6bbi dokumentum lead\u00e1s\u00e1val egyid\u0151ben megejthet\u0151.<\/p>\n\n\n\n<hr class=\"wp-block-separator has-css-opacity is-style-default\" \/>\n\n\n\n<h4 class=\"wp-block-heading\">Bentlak\u00e1s<\/h4>\n\n\n\n<p>A felv\u00e9teli eredm\u00e9ny alapj\u00e1n a hallgat\u00f3k kb. 25%-a jut bentlak\u00e1si helyhez. Augusztus k\u00f6zep\u00e9n v\u00e1rhat\u00f3 v\u00e9gleges eredm\u00e9ny. <\/p>\n\n\n\n<p>Alb\u00e9rlet \u00fcgy\u00e9ben javasoljuk a  <a rel=\"noreferrer noopener\" href=\"https:\/\/kmdsz.ro\/\" target=\"_blank\">Kolozsv\u00e1ri Magyar Di\u00e1ksz\u00f6vets\u00e9ggel<\/a> felvenni a kapcsolatot.<\/p>\n\n\n\n<hr class=\"wp-block-separator has-alpha-channel-opacity\" \/>\n\n\n\n<hr class=\"wp-block-separator has-alpha-channel-opacity\" \/>\n\n\n\n<h3 class=\"wp-block-heading\">Mesterk\u00e9pz\u00e9s<\/h3>\n\n\n\n<p>Mesterk\u00e9pz\u00e9sre a felv\u00e9tel egy sz\u00f3beli interj\u00fa \u00e9s az \u00e1llamvizsga jegy alapj\u00e1n ker\u00fcl sor. A felv\u00e9teli jegyet az al\u00e1bbiak alapj\u00e1n sz\u00e1moljuk:<\/p>\n\n\n\n<ul class=\"wp-block-list\">\n<li><strong>Sz\u00e1m\u00edt\u00f3g\u00e9pes Fizika: <\/strong>0,5x(interj\u00fa jegye)+0,5x(\u00e1llamvizsga jegy)<\/li>\n\n\n\n<li><strong>Szil\u00e1rdtest Fizika:<\/strong> 0,5x(interj\u00fa jegye)+0,5x(\u00e1llamvizsga jegy)<\/li>\n\n\n\n<li><strong>Biofizika \u00e9s Orvosi Fizika mesteri:<\/strong> 0,6x(interj\u00fa jegye)+0,4x(\u00e1llamvizsga jegy)<\/li>\n<\/ul>\n\n\n\n<p>Tov\u00e1bbi r\u00e9szletek a Fizika Kar <a href=\"https:\/\/phys.ubbcluj.ro\/admitere\/acte\/anexa_2024.pdf\">felv\u00e9teli szab\u00e1lyzat\u00e1ban<\/a> tal\u00e1lhat\u00f3ak.<\/p>\n\n\n\n<hr class=\"wp-block-separator has-css-opacity\" \/>\n\n\n\n<div class=\"wp-block-buttons is-layout-flex wp-block-buttons-is-layout-flex\">\n<div class=\"wp-block-button\"><a class=\"wp-block-button__link wp-element-button\" href=\"https:\/\/atom.ubbcluj.ro\/fizika\/a-fizika-kar-oktatasi-kinalata\/\"><i class=\"fas fa-backward\"><\/i> A fizika kar oktat\u00e1si aj\u00e1nlata<\/a><\/div>\n\n\n\n<div class=\"wp-block-button\"><a class=\"wp-block-button__link wp-element-button\" href=\"https:\/\/atom.ubbcluj.ro\/fizika\/felveteli-naptar\/\">Felv\u00e9teli napt\u00e1r <i class=\"fas fa-forward\"><\/i><\/a><\/div>\n<\/div>\n","protected":false},"excerpt":{"rendered":"<p>Alapk\u00e9pz\u00e9s A jelentkez\u0151k 3 m\u00f3don nyerhetnek felv\u00e9telt a Fizika Kar alapk\u00e9pz\u00e9si szakjaira. Ezek k\u00f6z\u00fcl a jelentkez\u0151 szabadon kiv\u00e1laszthatja a sz\u00e1m\u00e1ra legel\u0151ny\u00f6sebb m\u00f3dot, de mindegyik eset\u00e9n a v\u00e9gig kell j\u00e1rni az adminisztrat\u00edv proced\u00far\u00e1t. Tov\u00e1bbi r\u00e9szletek a Fizika Kar felv\u00e9teli szab\u00e1lyzat\u00e1ban tal\u00e1lhat\u00f3ak. A beiratkoz\u00e1s az egyetem online fel\u00fclet\u00e9n kereszt\u00fcl t\u00f6rt\u00e9nik A beiratkoz\u00e1shoz sz\u00fcks\u00e9ges dokumentumok list\u00e1ja Itt let\u00f6lthet\u0151 &hellip; <\/p>\n<div class=\"link-more\"><a href=\"https:\/\/atom.ubbcluj.ro\/fizika\/a-felveteli-menete\/\" class=\"more-link\">Read More<span class=\"screen-reader-text\"> &#8220;A felv\u00e9teli menete&#8221;<\/span><\/a><\/div>\n","protected":false},"author":3,"featured_media":0,"parent":0,"menu_order":0,"comment_status":"closed","ping_status":"closed","template":"","meta":{"wpupg_custom_link":[],"wpupg_custom_link_behaviour":[],"wpupg_custom_link_nofollow":[],"wpupg_custom_image":[],"wpupg_custom_image_id":[],"footnotes":""},"class_list":["post-1032","page","type-page","status-publish","hentry"],"featured_image_src":null,"_links":{"self":[{"href":"https:\/\/atom.ubbcluj.ro\/fizika\/wp-json\/wp\/v2\/pages\/1032","targetHints":{"allow":["GET"]}}],"collection":[{"href":"https:\/\/atom.ubbcluj.ro\/fizika\/wp-json\/wp\/v2\/pages"}],"about":[{"href":"https:\/\/atom.ubbcluj.ro\/fizika\/wp-json\/wp\/v2\/types\/page"}],"author":[{"embeddable":true,"href":"https:\/\/atom.ubbcluj.ro\/fizika\/wp-json\/wp\/v2\/users\/3"}],"replies":[{"embeddable":true,"href":"https:\/\/atom.ubbcluj.ro\/fizika\/wp-json\/wp\/v2\/comments?post=1032"}],"version-history":[{"count":68,"href":"https:\/\/atom.ubbcluj.ro\/fizika\/wp-json\/wp\/v2\/pages\/1032\/revisions"}],"predecessor-version":[{"id":2912,"href":"https:\/\/atom.ubbcluj.ro\/fizika\/wp-json\/wp\/v2\/pages\/1032\/revisions\/2912"}],"wp:attachment":[{"href":"https:\/\/atom.ubbcluj.ro\/fizika\/wp-json\/wp\/v2\/media?parent=1032"}],"curies":[{"name":"wp","href":"https:\/\/api.w.org\/{rel}","templated":true}]}}