{"id":2,"date":"2021-07-21T20:00:14","date_gmt":"2021-07-21T20:00:14","guid":{"rendered":"https:\/\/atom.ubbcluj.ro\/fizika\/?page_id=2"},"modified":"2025-02-23T23:02:20","modified_gmt":"2025-02-23T20:02:20","slug":"sample-page","status":"publish","type":"page","link":"https:\/\/atom.ubbcluj.ro\/fizika\/","title":{"rendered":"F\u0151oldal"},"content":{"rendered":"\n<div class=\"wp-block-columns is-layout-flex wp-container-core-columns-is-layout-9d6595d7 wp-block-columns-is-layout-flex\">\n<div class=\"wp-block-column is-layout-flow wp-block-column-is-layout-flow\" style=\"flex-basis:80%\"><div id=\"wpupg-grid-with-filters-wp-fizika-main\" class=\"wpupg-grid-with-filters\"><style>#wpupg-grid-wp-fizika-main-filters .wpupg-filter-container {padding: 10px 10px;}<\/style><div id=\"wpupg-grid-wp-fizika-main-filters\" class=\"wpupg-grid-filters wpupg-grid-filters-display-inline wpupg-grid-filters-align-left\"><div id=\"wpupg-grid-wp-fizika-main-filter-1-container\" class=\"wpupg-filter-container wpupg-filter-container-label-inline\"><div id=\"wpupg-grid-wp-fizika-main-filter-1\" class=\"wpupg-filter wpupg-filter-isotope\"><style>#wpupg-grid-wp-fizika-main-filter-1 {text-align: left;margin: 0 -5px;}#wpupg-grid-wp-fizika-main-filter-1 .wpupg-filter-item {border: 1px solid #1C3148;background-color: #2E5077;color: #FFFFFF;font-size: 14px;margin: 5px 5px;padding: 5px 10px;}#wpupg-grid-wp-fizika-main-filter-1 .wpupg-filter-item.active {border-color: #1C3148;background-color: #1C3148;color: #FFFFFF;}#wpupg-grid-wp-fizika-main-filter-1 .wpupg-filter-item:focus {outline: none;border-color: #1C3148;background-color: #1C3148;color: #FFFFFF;}@media (hover: hover) and (pointer: fine) {#wpupg-grid-wp-fizika-main-filter-1 .wpupg-filter-item:hover {outline: none;border-color: #1C3148;background-color: #1C3148;color: #FFFFFF;}}<\/style><div class=\"wpupg-filter-item wpupg-filter-isotope-term wpupg-filter-isotope-all wpupg-filter-tag- active\" role=\"button\" tabindex=\"0\">All<\/div><div class=\"wpupg-filter-item wpupg-filter-isotope-term wpupg-filter-isotope-term-category wpupg-filter-tag-esemeny\" data-taxonomy=\"category\" data-terms=\"esemeny\" role=\"button\" tabindex=\"0\">Esem\u00e9ny<\/div><div class=\"wpupg-filter-item wpupg-filter-isotope-term wpupg-filter-isotope-term-category wpupg-filter-tag-hir\" data-taxonomy=\"category\" data-terms=\"hir\" role=\"button\" tabindex=\"0\">H\u00edr<\/div><div class=\"wpupg-filter-item wpupg-filter-isotope-term wpupg-filter-isotope-term-category wpupg-filter-tag-kutatas\" data-taxonomy=\"category\" data-terms=\"kutatas\" role=\"button\" tabindex=\"0\">Kutat\u00e1s<\/div><div class=\"wpupg-filter-item wpupg-filter-isotope-term wpupg-filter-isotope-term-category wpupg-filter-tag-oktatas\" data-taxonomy=\"category\" data-terms=\"oktatas\" role=\"button\" tabindex=\"0\">Oktat\u00e1s<\/div><\/div><\/div><\/div><div id=\"wpupg-grid-container-wp-fizika-main\" class=\"wpupg-grid-container\"><style>#wpupg-grid-wp-fizika-main .wpupg-item { width: calc(25% - 10px); max-width: none; margin: 5px; } #wpupg-grid-wp-fizika-main { margin: 0 -5px;} @media (min-width: 400px) and (max-width: 800px) {#wpupg-grid-wp-fizika-main .wpupg-item { width: calc(100% - 10px); max-width: none; margin: 5px; } #wpupg-grid-wp-fizika-main { margin: 0 -5px;}} @media (max-width: 400px) {#wpupg-grid-wp-fizika-main .wpupg-item { width: calc(100% - 0px); max-width: none; margin: 0px; } #wpupg-grid-wp-fizika-main { margin: 0 -0px;}}<\/style><div id=\"wpupg-grid-wp-fizika-main\" class=\"wpupg-grid wpupg-grid-loading\" data-grid-id=\"312\"><a class=\"wpupg-item wpupg-item-post wpupg-item-3454 wpupg-type-post wpupg-item-has-image wpupg-template-mafi wpupg-tax-category-esemeny wpupg-parent-tax-category-esemeny wpupg-tax-category-kutatas wpupg-parent-tax-category-kutatas wpupg-page-0 wpupg-item-link\" href=\"https:\/\/atom.ubbcluj.ro\/fizika\/2026\/03\/17\/tudomanyos-eloadas\/\" target=\"_self\" data-id=\"3454\" data-order-default=\"1773769140\"><div class=\"wpupg-item-image wpupg-block-image-normal wpupg-align-center\"><img loading=\"lazy\" decoding=\"async\" style=\"border-width: 0px;border-style: solid;border-color: #666666;\" width=\"300\" height=\"251\" src=\"https:\/\/atom.ubbcluj.ro\/fizika\/wp-content\/uploads\/2026\/03\/NemesInczeP-2026-FB-300x251.png\" class=\"skip-lazy disable-lazyload attachment-medium size-medium\" alt=\"\" srcset=\"https:\/\/atom.ubbcluj.ro\/fizika\/wp-content\/uploads\/2026\/03\/NemesInczeP-2026-FB-300x251.png 300w, https:\/\/atom.ubbcluj.ro\/fizika\/wp-content\/uploads\/2026\/03\/NemesInczeP-2026-FB-768x644.png 768w, https:\/\/atom.ubbcluj.ro\/fizika\/wp-content\/uploads\/2026\/03\/NemesInczeP-2026-FB.png 940w\" sizes=\"auto, (max-width: 300px) 100vw, 300px\" \/><\/div>\n<span class=\"wpupg-item-terms wpupg-block-text-smaller\"><span class=\"wpupg-item-term\" style=\"display: inline-block;padding:2px 5px;background-color:#004858;color:#f2e0cb;\">Esem\u00e9ny<\/span><span class=\"wpupg-item-term\" style=\"display: inline-block;padding:2px 5px;background-color:#004858;color:#f2e0cb;\">Kutat\u00e1s<\/span><\/span>\n<div class=\"wpupg-meta-container\">\n    <div class=\"wpupg-item-title wpupg-block-text-bold\">Tudom\u00e1nyos el\u0151ad\u00e1s<\/div>\n    <span class=\"wpupg-item-excerpt wpupg-block-text-smaller\">Amikor az elektronok t\u00e1ncba kezdenek: kollekt\u00edv kvantumjelens\u00e9gek \u00e9&hellip;<\/span>\n\n<\/div><\/a><a class=\"wpupg-item wpupg-item-post wpupg-item-2945 wpupg-type-post wpupg-item-has-image wpupg-template-mafi wpupg-tax-category-hir wpupg-parent-tax-category-hir wpupg-tax-category-oktatas wpupg-parent-tax-category-oktatas wpupg-page-0 wpupg-item-link\" href=\"https:\/\/atom.ubbcluj.ro\/fizika\/2025\/09\/30\/tanarkepzo-intezet-orarendje\/\" target=\"_self\" data-id=\"2945\" data-order-default=\"1759249387\"><div class=\"wpupg-item-image wpupg-block-image-normal wpupg-align-center\"><img loading=\"lazy\" decoding=\"async\" style=\"border-width: 0px;border-style: solid;border-color: #666666;\" width=\"300\" height=\"300\" src=\"https:\/\/atom.ubbcluj.ro\/fizika\/wp-content\/uploads\/2023\/07\/Info2-BBTE-FIZIKA-2-300x300.png\" class=\"skip-lazy disable-lazyload attachment-medium size-medium\" alt=\"\" srcset=\"https:\/\/atom.ubbcluj.ro\/fizika\/wp-content\/uploads\/2023\/07\/Info2-BBTE-FIZIKA-2-300x300.png 300w, https:\/\/atom.ubbcluj.ro\/fizika\/wp-content\/uploads\/2023\/07\/Info2-BBTE-FIZIKA-2-150x150.png 150w, https:\/\/atom.ubbcluj.ro\/fizika\/wp-content\/uploads\/2023\/07\/Info2-BBTE-FIZIKA-2-100x100.png 100w, https:\/\/atom.ubbcluj.ro\/fizika\/wp-content\/uploads\/2023\/07\/Info2-BBTE-FIZIKA-2.png 500w\" sizes=\"auto, (max-width: 300px) 100vw, 300px\" \/><\/div>\n<span class=\"wpupg-item-terms wpupg-block-text-smaller\"><span class=\"wpupg-item-term\" style=\"display: inline-block;padding:2px 5px;background-color:#004858;color:#f2e0cb;\">H\u00edr<\/span><span class=\"wpupg-item-term\" style=\"display: inline-block;padding:2px 5px;background-color:#004858;color:#f2e0cb;\">Oktat\u00e1s<\/span><\/span>\n<div class=\"wpupg-meta-container\">\n    <div class=\"wpupg-item-title wpupg-block-text-bold\">Tan\u00e1rk\u00e9pz\u0151 Int\u00e9zet \u00d3rarendje<\/div>\n    <span class=\"wpupg-item-excerpt wpupg-block-text-smaller\"><\/span>\n\n<\/div><\/a><a class=\"wpupg-item wpupg-item-post wpupg-item-2929 wpupg-type-post wpupg-item-has-image wpupg-template-mafi wpupg-tax-category-esemeny wpupg-parent-tax-category-esemeny wpupg-tax-category-hir wpupg-parent-tax-category-hir wpupg-page-0 wpupg-item-link\" href=\"https:\/\/atom.ubbcluj.ro\/fizika\/2025\/09\/26\/bbte-fizika-tanevnyito-2\/\" target=\"_self\" data-id=\"2929\" data-order-default=\"1758894100\"><div class=\"wpupg-item-image wpupg-block-image-normal wpupg-align-center\"><img loading=\"lazy\" decoding=\"async\" style=\"border-width: 0px;border-style: solid;border-color: #666666;\" width=\"300\" height=\"300\" src=\"https:\/\/atom.ubbcluj.ro\/fizika\/wp-content\/uploads\/2025\/09\/Tanevnyito-2025-web-300x300.png\" class=\"skip-lazy disable-lazyload attachment-medium size-medium\" alt=\"\" srcset=\"https:\/\/atom.ubbcluj.ro\/fizika\/wp-content\/uploads\/2025\/09\/Tanevnyito-2025-web-300x300.png 300w, https:\/\/atom.ubbcluj.ro\/fizika\/wp-content\/uploads\/2025\/09\/Tanevnyito-2025-web-150x150.png 150w, https:\/\/atom.ubbcluj.ro\/fizika\/wp-content\/uploads\/2025\/09\/Tanevnyito-2025-web-768x768.png 768w, https:\/\/atom.ubbcluj.ro\/fizika\/wp-content\/uploads\/2025\/09\/Tanevnyito-2025-web-100x100.png 100w, https:\/\/atom.ubbcluj.ro\/fizika\/wp-content\/uploads\/2025\/09\/Tanevnyito-2025-web.png 788w\" sizes=\"auto, (max-width: 300px) 100vw, 300px\" \/><\/div>\n<span class=\"wpupg-item-terms wpupg-block-text-smaller\"><span class=\"wpupg-item-term\" style=\"display: inline-block;padding:2px 5px;background-color:#004858;color:#f2e0cb;\">Esem\u00e9ny<\/span><span class=\"wpupg-item-term\" style=\"display: inline-block;padding:2px 5px;background-color:#004858;color:#f2e0cb;\">H\u00edr<\/span><\/span>\n<div class=\"wpupg-meta-container\">\n    <div class=\"wpupg-item-title wpupg-block-text-bold\">BBTE Fizika tan\u00e9vnyit\u00f3<\/div>\n    <span class=\"wpupg-item-excerpt wpupg-block-text-smaller\"><\/span>\n\n<\/div><\/a><a class=\"wpupg-item wpupg-item-post wpupg-item-2932 wpupg-type-post wpupg-item-has-image wpupg-template-mafi wpupg-tax-category-esemeny wpupg-parent-tax-category-esemeny wpupg-tax-category-hir wpupg-parent-tax-category-hir wpupg-page-0 wpupg-item-link\" href=\"https:\/\/news.ubbcluj.ro\/hu\/event\/tanevnyito-a-babes-bolyai-tudomanyegyetemen-2\/\" target=\"_self\" data-id=\"2932\" data-order-default=\"1758890520\"><div class=\"wpupg-item-image wpupg-block-image-normal wpupg-align-center\"><img loading=\"lazy\" decoding=\"async\" style=\"border-width: 0px;border-style: solid;border-color: #666666;\" width=\"300\" height=\"300\" src=\"https:\/\/atom.ubbcluj.ro\/fizika\/wp-content\/uploads\/2024\/09\/web-banner-300x300.png\" class=\"skip-lazy disable-lazyload attachment-medium size-medium\" alt=\"\" srcset=\"https:\/\/atom.ubbcluj.ro\/fizika\/wp-content\/uploads\/2024\/09\/web-banner-300x300.png 300w, https:\/\/atom.ubbcluj.ro\/fizika\/wp-content\/uploads\/2024\/09\/web-banner-150x150.png 150w, https:\/\/atom.ubbcluj.ro\/fizika\/wp-content\/uploads\/2024\/09\/web-banner-100x100.png 100w, https:\/\/atom.ubbcluj.ro\/fizika\/wp-content\/uploads\/2024\/09\/web-banner.png 670w\" sizes=\"auto, (max-width: 300px) 100vw, 300px\" \/><\/div>\n<span class=\"wpupg-item-terms wpupg-block-text-smaller\"><span class=\"wpupg-item-term\" style=\"display: inline-block;padding:2px 5px;background-color:#004858;color:#f2e0cb;\">Esem\u00e9ny<\/span><span class=\"wpupg-item-term\" style=\"display: inline-block;padding:2px 5px;background-color:#004858;color:#f2e0cb;\">H\u00edr<\/span><\/span>\n<div class=\"wpupg-meta-container\">\n    <div class=\"wpupg-item-title wpupg-block-text-bold\">BBTE Magyar Tagozat Tan\u00e9vnyit\u00f3<\/div>\n    <span class=\"wpupg-item-excerpt wpupg-block-text-smaller\">2025. 09. 29. 16:00, Aula Magna<\/span>\n\n<\/div><\/a><a class=\"wpupg-item wpupg-item-post wpupg-item-2934 wpupg-type-post wpupg-item-has-image wpupg-template-mafi wpupg-tax-category-esemeny wpupg-parent-tax-category-esemeny wpupg-tax-category-hir wpupg-parent-tax-category-hir wpupg-page-0 wpupg-item-link\" href=\"https:\/\/news.ubbcluj.ro\/event\/ceremonia-de-deschidere-a-anului-universitar-2025-2026\/\" target=\"_self\" data-id=\"2934\" data-order-default=\"1758887400\"><div class=\"wpupg-item-image wpupg-block-image-normal wpupg-align-center\"><img loading=\"lazy\" decoding=\"async\" style=\"border-width: 0px;border-style: solid;border-color: #666666;\" width=\"300\" height=\"300\" src=\"https:\/\/atom.ubbcluj.ro\/fizika\/wp-content\/uploads\/2025\/09\/Screenshot-2025-09-26-at-13.46.24-300x300.png\" class=\"skip-lazy disable-lazyload attachment-medium size-medium\" alt=\"\" srcset=\"https:\/\/atom.ubbcluj.ro\/fizika\/wp-content\/uploads\/2025\/09\/Screenshot-2025-09-26-at-13.46.24-300x300.png 300w, https:\/\/atom.ubbcluj.ro\/fizika\/wp-content\/uploads\/2025\/09\/Screenshot-2025-09-26-at-13.46.24-150x150.png 150w, https:\/\/atom.ubbcluj.ro\/fizika\/wp-content\/uploads\/2025\/09\/Screenshot-2025-09-26-at-13.46.24-100x100.png 100w, https:\/\/atom.ubbcluj.ro\/fizika\/wp-content\/uploads\/2025\/09\/Screenshot-2025-09-26-at-13.46.24.png 458w\" sizes=\"auto, (max-width: 300px) 100vw, 300px\" \/><\/div>\n<span class=\"wpupg-item-terms wpupg-block-text-smaller\"><span class=\"wpupg-item-term\" style=\"display: inline-block;padding:2px 5px;background-color:#004858;color:#f2e0cb;\">Esem\u00e9ny<\/span><span class=\"wpupg-item-term\" style=\"display: inline-block;padding:2px 5px;background-color:#004858;color:#f2e0cb;\">H\u00edr<\/span><\/span>\n<div class=\"wpupg-meta-container\">\n    <div class=\"wpupg-item-title wpupg-block-text-bold\">BBTE Egyetemi Tan\u00e9vnyit\u00f3<\/div>\n    <span class=\"wpupg-item-excerpt wpupg-block-text-smaller\">2025. 09. 29. 9:00, Aula Magna<\/span>\n\n<\/div><\/a><a class=\"wpupg-item wpupg-item-post wpupg-item-2916 wpupg-type-post wpupg-item-has-image wpupg-template-mafi wpupg-tax-category-hir wpupg-parent-tax-category-hir wpupg-page-0 wpupg-item-link\" href=\"https:\/\/atom.ubbcluj.ro\/fizika\/2025\/09\/04\/oszi-felveteli\/\" target=\"_self\" data-id=\"2916\" data-order-default=\"1757023672\"><div class=\"wpupg-item-image wpupg-block-image-normal wpupg-align-center\"><img loading=\"lazy\" decoding=\"async\" style=\"border-width: 0px;border-style: solid;border-color: #666666;\" width=\"300\" height=\"277\" src=\"https:\/\/atom.ubbcluj.ro\/fizika\/wp-content\/uploads\/2025\/09\/Gemini_Generated_Image_otlunbotlunbotlu-2-300x277.png\" class=\"skip-lazy disable-lazyload attachment-medium size-medium\" alt=\"\" srcset=\"https:\/\/atom.ubbcluj.ro\/fizika\/wp-content\/uploads\/2025\/09\/Gemini_Generated_Image_otlunbotlunbotlu-2-300x277.png 300w, https:\/\/atom.ubbcluj.ro\/fizika\/wp-content\/uploads\/2025\/09\/Gemini_Generated_Image_otlunbotlunbotlu-2.png 708w\" sizes=\"auto, (max-width: 300px) 100vw, 300px\" \/><\/div>\n<span class=\"wpupg-item-terms wpupg-block-text-smaller\"><span class=\"wpupg-item-term\" style=\"display: inline-block;padding:2px 5px;background-color:#004858;color:#f2e0cb;\">H\u00edr<\/span><\/span>\n<div class=\"wpupg-meta-container\">\n    <div class=\"wpupg-item-title wpupg-block-text-bold\">\u0150szi felv\u00e9teli<\/div>\n    <span class=\"wpupg-item-excerpt wpupg-block-text-smaller\">Online iratkoz\u00e1s:\n2025 szeptember 5 \u2013 8.<\/span>\n\n<\/div><\/a><a class=\"wpupg-item wpupg-item-post wpupg-item-2896 wpupg-type-post wpupg-item-has-image wpupg-template-mafi wpupg-tax-category-esemeny wpupg-parent-tax-category-esemeny wpupg-page-0 wpupg-item-link\" href=\"https:\/\/empirx.ro\/2025\/07\/27\/erdelyi-fizikatanari-anket-2025\/\" target=\"_self\" data-id=\"2896\" data-order-default=\"1753624534\"><div class=\"wpupg-item-image wpupg-block-image-normal wpupg-align-center\"><img loading=\"lazy\" decoding=\"async\" style=\"border-width: 0px;border-style: solid;border-color: #666666;\" width=\"300\" height=\"300\" src=\"https:\/\/atom.ubbcluj.ro\/fizika\/wp-content\/uploads\/2025\/07\/Fizikatanari-anket-2025-300x300.png\" class=\"skip-lazy disable-lazyload attachment-medium size-medium\" alt=\"\" srcset=\"https:\/\/atom.ubbcluj.ro\/fizika\/wp-content\/uploads\/2025\/07\/Fizikatanari-anket-2025-300x300.png 300w, https:\/\/atom.ubbcluj.ro\/fizika\/wp-content\/uploads\/2025\/07\/Fizikatanari-anket-2025-1024x1024.png 1024w, https:\/\/atom.ubbcluj.ro\/fizika\/wp-content\/uploads\/2025\/07\/Fizikatanari-anket-2025-150x150.png 150w, https:\/\/atom.ubbcluj.ro\/fizika\/wp-content\/uploads\/2025\/07\/Fizikatanari-anket-2025-768x768.png 768w, https:\/\/atom.ubbcluj.ro\/fizika\/wp-content\/uploads\/2025\/07\/Fizikatanari-anket-2025-100x100.png 100w, https:\/\/atom.ubbcluj.ro\/fizika\/wp-content\/uploads\/2025\/07\/Fizikatanari-anket-2025.png 1080w\" sizes=\"auto, (max-width: 300px) 100vw, 300px\" \/><\/div>\n<span class=\"wpupg-item-terms wpupg-block-text-smaller\"><span class=\"wpupg-item-term\" style=\"display: inline-block;padding:2px 5px;background-color:#004858;color:#f2e0cb;\">Esem\u00e9ny<\/span><\/span>\n<div class=\"wpupg-meta-container\">\n    <div class=\"wpupg-item-title wpupg-block-text-bold\">Erd\u00e9lyi Fizikatan\u00e1ri Ank\u00e9t 2025<\/div>\n    <span class=\"wpupg-item-excerpt wpupg-block-text-smaller\">2025. okt\u00f3ber 17-19, Kommand\u00f3<\/span>\n\n<\/div><\/a><a class=\"wpupg-item wpupg-item-post wpupg-item-2822 wpupg-type-post wpupg-item-has-image wpupg-template-mafi wpupg-tax-category-esemeny wpupg-parent-tax-category-esemeny wpupg-tax-category-hir wpupg-parent-tax-category-hir wpupg-page-0 wpupg-item-link\" href=\"https:\/\/atom.ubbcluj.ro\/fizika\/2025\/05\/23\/kiserletszombat-2025\/\" target=\"_self\" data-id=\"2822\" data-order-default=\"1748036794\"><div class=\"wpupg-item-image wpupg-block-image-normal wpupg-align-center\"><img loading=\"lazy\" decoding=\"async\" style=\"border-width: 0px;border-style: solid;border-color: #666666;\" width=\"300\" height=\"300\" src=\"https:\/\/atom.ubbcluj.ro\/fizika\/wp-content\/uploads\/2025\/05\/empirx-2025-insta-1080x1080-1-300x300.png\" class=\"skip-lazy disable-lazyload attachment-medium size-medium\" alt=\"\" srcset=\"https:\/\/atom.ubbcluj.ro\/fizika\/wp-content\/uploads\/2025\/05\/empirx-2025-insta-1080x1080-1-300x300.png 300w, https:\/\/atom.ubbcluj.ro\/fizika\/wp-content\/uploads\/2025\/05\/empirx-2025-insta-1080x1080-1-1024x1024.png 1024w, https:\/\/atom.ubbcluj.ro\/fizika\/wp-content\/uploads\/2025\/05\/empirx-2025-insta-1080x1080-1-150x150.png 150w, https:\/\/atom.ubbcluj.ro\/fizika\/wp-content\/uploads\/2025\/05\/empirx-2025-insta-1080x1080-1-768x768.png 768w, https:\/\/atom.ubbcluj.ro\/fizika\/wp-content\/uploads\/2025\/05\/empirx-2025-insta-1080x1080-1-100x100.png 100w, https:\/\/atom.ubbcluj.ro\/fizika\/wp-content\/uploads\/2025\/05\/empirx-2025-insta-1080x1080-1.png 1080w\" sizes=\"auto, (max-width: 300px) 100vw, 300px\" \/><\/div>\n<span class=\"wpupg-item-terms wpupg-block-text-smaller\"><span class=\"wpupg-item-term\" style=\"display: inline-block;padding:2px 5px;background-color:#004858;color:#f2e0cb;\">Esem\u00e9ny<\/span><span class=\"wpupg-item-term\" style=\"display: inline-block;padding:2px 5px;background-color:#004858;color:#f2e0cb;\">H\u00edr<\/span><\/span>\n<div class=\"wpupg-meta-container\">\n    <div class=\"wpupg-item-title wpupg-block-text-bold\">K\u00eds\u00e9rletszombat 2025<\/div>\n    <span class=\"wpupg-item-excerpt wpupg-block-text-smaller\"><\/span>\n\n<\/div><\/a><a class=\"wpupg-item wpupg-item-post wpupg-item-2598 wpupg-type-post wpupg-item-has-image wpupg-template-mafi wpupg-tax-category-hir wpupg-parent-tax-category-hir wpupg-tax-category-oktatas wpupg-parent-tax-category-oktatas wpupg-page-0 wpupg-item-link\" href=\"https:\/\/atom.ubbcluj.ro\/fizika\/2025\/03\/13\/augustin-maior-felveteli-verseny\/\" target=\"_self\" data-id=\"2598\" data-order-default=\"1741866882\"><div class=\"wpupg-item-image wpupg-block-image-normal wpupg-align-center\"><img loading=\"lazy\" decoding=\"async\" style=\"border-width: 0px;border-style: solid;border-color: #666666;\" width=\"280\" height=\"300\" src=\"https:\/\/atom.ubbcluj.ro\/fizika\/wp-content\/uploads\/2022\/03\/am-darkdark-280x300.png\" class=\"skip-lazy disable-lazyload attachment-medium size-medium\" alt=\"\" srcset=\"https:\/\/atom.ubbcluj.ro\/fizika\/wp-content\/uploads\/2022\/03\/am-darkdark-280x300.png 280w, https:\/\/atom.ubbcluj.ro\/fizika\/wp-content\/uploads\/2022\/03\/am-darkdark.png 400w\" sizes=\"auto, (max-width: 280px) 100vw, 280px\" \/><\/div>\n<span class=\"wpupg-item-terms wpupg-block-text-smaller\"><span class=\"wpupg-item-term\" style=\"display: inline-block;padding:2px 5px;background-color:#004858;color:#f2e0cb;\">H\u00edr<\/span><span class=\"wpupg-item-term\" style=\"display: inline-block;padding:2px 5px;background-color:#004858;color:#f2e0cb;\">Oktat\u00e1s<\/span><\/span>\n<div class=\"wpupg-meta-container\">\n    <div class=\"wpupg-item-title wpupg-block-text-bold\">Augustin Maior felv\u00e9teli verseny<\/div>\n    <span class=\"wpupg-item-excerpt wpupg-block-text-smaller\">id\u0151pont: 2025 \u00e1prilis 26<\/span>\n\n<\/div><\/a><\/div><div id=\"wpupg-grid-wp-fizika-main-pagination\" class=\"wpupg-pagination wpupg-pagination-pages\"><style>#wpupg-grid-wp-fizika-main-pagination {text-align: left;margin: 0 -5px;}#wpupg-grid-wp-fizika-main-pagination .wpupg-pagination-term {border: 1px solid #6d8296;background-color: #004858;color: #f2e0cb;font-size: 14px;margin: 5px 5px;padding: 5px 10px;}#wpupg-grid-wp-fizika-main-pagination .wpupg-pagination-term.active {border-color: #1C3148;background-color: #f2e0cb;color: #004858;}#wpupg-grid-wp-fizika-main-pagination .wpupg-pagination-term:focus {outline: none;border-color: #1C3148;background-color: #ffffff;color: #004858;}@media (hover: hover) and (pointer: fine) {#wpupg-grid-wp-fizika-main-pagination .wpupg-pagination-term:hover {outline: none;border-color: #1C3148;background-color: #ffffff;color: #004858;}}#wpupg-grid-wp-fizika-main-pagination .wpupg-pagination-term.wpupg-pagination-button-gap {margin-left: 25px;}<\/style><div class=\"wpupg-pagination-term wpupg-page-0 active\" data-page=\"0\" role=\"button\" tabindex=\"0\">1<\/div><div class=\"wpupg-pagination-term wpupg-page-1\" data-page=\"1\" role=\"button\" tabindex=\"0\">2<\/div><\/div><\/div><\/div>\n<\/div>\n\n\n\n<div class=\"wp-block-column mafi-light is-layout-flow wp-block-column-is-layout-flow\" style=\"flex-basis:20%\">\n<h2 class=\"wp-block-heading has-text-align-center\"><i class=\"fas fa-exclamation-circle\"><\/i><\/h2>\n\n\n\n<div class=\"wp-block-buttons is-horizontal is-content-justification-center is-layout-flex wp-container-core-buttons-is-layout-499968f5 wp-block-buttons-is-layout-flex\">\n<div class=\"wp-block-button has-custom-width wp-block-button__width-100\"><a class=\"wp-block-button__link wp-element-button\" href=\"https:\/\/eur01.safelinks.protection.outlook.com\/?url=https%3A%2F%2Ffafi.edupage.org%2Ftimetable%2F&amp;data=05%7C02%7Cferenc.jarai%40ubbcluj.ro%7C52beddda00594f024fde08dd54168b17%7C5a4863ed40c84fd58298fbfdb7f13095%7C0%7C0%7C638759178001052693%7CUnknown%7CTWFpbGZsb3d8eyJFbXB0eU1hcGkiOnRydWUsIlYiOiIwLjAuMDAwMCIsIlAiOiJXaW4zMiIsIkFOIjoiTWFpbCIsIldUIjoyfQ%3D%3D%7C0%7C%7C%7C&amp;sdata=e38HuUZ1pnnF8f3%2BllCD0BLBX%2F7cutbI1b7sSGXf9LU%3D&amp;reserved=0\" target=\"_blank\" rel=\"noreferrer noopener\"><strong><i class=\"fas fa-calendar-alt\"><\/i><\/strong> \u00d3rarend<\/a><\/div>\n\n\n\n<div class=\"wp-block-button has-custom-width wp-block-button__width-100\"><a class=\"wp-block-button__link wp-element-button\" href=\"https:\/\/atom.ubbcluj.ro\/fizika\/fontos-tudnivalok#BBTE-FIZIKA-biztonsag\"><i class=\"fas fa-pump-medical\"><\/i> biztons\u00e1gi k\u00e9pz\u00e9s<\/a><\/div>\n\n\n\n<div class=\"wp-block-button has-custom-width wp-block-button__width-100\"><a class=\"wp-block-button__link wp-element-button\" href=\"https:\/\/www.ubbcluj.ro\/ro\/studenti\/files\/invatamant\/Structura_anului_2024-2025_RO_MA_GE.pdf\" target=\"_blank\" rel=\"noreferrer noopener\"><i class=\"fas fa-calendar-alt\"><\/i> A tan\u00e9v szerkezete<\/a><\/div>\n<\/div>\n<\/div>\n<\/div>\n\n\n\n<p><\/p>\n","protected":false},"excerpt":{"rendered":"","protected":false},"author":1,"featured_media":0,"parent":0,"menu_order":0,"comment_status":"closed","ping_status":"open","template":"","meta":{"wpupg_custom_link":[],"wpupg_custom_link_behaviour":[],"wpupg_custom_link_nofollow":[],"wpupg_custom_image":[],"wpupg_custom_image_id":[],"footnotes":""},"class_list":["post-2","page","type-page","status-publish","hentry"],"featured_image_src":null,"_links":{"self":[{"href":"https:\/\/atom.ubbcluj.ro\/fizika\/wp-json\/wp\/v2\/pages\/2","targetHints":{"allow":["GET"]}}],"collection":[{"href":"https:\/\/atom.ubbcluj.ro\/fizika\/wp-json\/wp\/v2\/pages"}],"about":[{"href":"https:\/\/atom.ubbcluj.ro\/fizika\/wp-json\/wp\/v2\/types\/page"}],"author":[{"embeddable":true,"href":"https:\/\/atom.ubbcluj.ro\/fizika\/wp-json\/wp\/v2\/users\/1"}],"replies":[{"embeddable":true,"href":"https:\/\/atom.ubbcluj.ro\/fizika\/wp-json\/wp\/v2\/comments?post=2"}],"version-history":[{"count":81,"href":"https:\/\/atom.ubbcluj.ro\/fizika\/wp-json\/wp\/v2\/pages\/2\/revisions"}],"predecessor-version":[{"id":2594,"href":"https:\/\/atom.ubbcluj.ro\/fizika\/wp-json\/wp\/v2\/pages\/2\/revisions\/2594"}],"wp:attachment":[{"href":"https:\/\/atom.ubbcluj.ro\/fizika\/wp-json\/wp\/v2\/media?parent=2"}],"curies":[{"name":"wp","href":"https:\/\/api.w.org\/{rel}","templated":true}]}}