{"id":2058,"date":"2023-07-06T19:19:47","date_gmt":"2023-07-06T16:19:47","guid":{"rendered":"https:\/\/atom.ubbcluj.ro\/fizika\/?page_id=2058"},"modified":"2024-07-15T20:30:22","modified_gmt":"2024-07-15T17:30:22","slug":"felveteli-szabalyzat","status":"publish","type":"page","link":"https:\/\/atom.ubbcluj.ro\/fizika\/felveteli-szabalyzat\/","title":{"rendered":"Felv\u00e9teli szab\u00e1lyzat"},"content":{"rendered":"\n<p>(a Fizika Kar f\u00fcggel\u00e9ke a 2024-2025-\u00f6s tan\u00e9vben alapk\u00e9pz\u00e9sre t\u00f6rt\u00e9n\u0151 felv\u00e9telire vonatkoz\u00f3 \u00e1ltal\u00e1nos szab\u00e1lyzathoz)<\/p>\n\n\n\n<div class=\"wp-block-columns is-layout-flex wp-container-core-columns-is-layout-9d6595d7 wp-block-columns-is-layout-flex\">\n<div class=\"wp-block-column is-layout-flow wp-block-column-is-layout-flow\"><\/div>\n\n\n\n<div class=\"wp-block-column is-layout-flow wp-block-column-is-layout-flow\">\n<div class=\"wp-block-buttons is-layout-flex wp-block-buttons-is-layout-flex\">\n<div class=\"wp-block-button\"><a class=\"wp-block-button__link has-text-align-right wp-element-button\" href=\"https:\/\/phys.ubbcluj.ro\/admitere\/acte\/anexa_2024.pdf\" target=\"_blank\" rel=\"noreferrer noopener\"><i class=\"fas fa-download\"><\/i> rom\u00e1n nyelv\u0171 dokumentum let\u00f6lt\u00e9se<\/a><\/div>\n<\/div>\n<\/div>\n<\/div>\n\n\n\n<p>A jel\u00f6ltek rangsorol\u00e1sa a FELV\u00c9TELI JEGY szerint \u00e9s a beiratkoz\u00e1sn\u00e1l megjel\u00f6lt opci\u00f3k f\u00fcggv\u00e9ny\u00e9ben t\u00f6rt\u00e9nik.<\/p>\n\n\n\n<h3 class=\"wp-block-heading\">1. <strong>\u00c9retts\u00e9gi diplom\u00e1val rendelkez\u0151k eset\u00e9n <\/strong>az al\u00e1bbi k\u00e9plet szerint sz\u00e1moljuk a felv\u00e9teli jegyet:<\/h3>\n\n\n\n<p class=\"has-text-align-center\"><strong>FELV\u00c9TELI JEGY = 0.5 x Felv\u00e9teli vizsga jegye + 0.5 x \u00c9retts\u00e9gi&nbsp;<\/strong><\/p>\n\n\n\n<p>Az \u00edrott felv\u00e9teli vizsga id\u0151tartama egy \u00f3ra. Kiz\u00e1r\u00f3 felt\u00e9tel a legal\u00e1bb 5 (\u00f6t\u00f6s) jegy el\u00e9r\u00e9se. A vizsg\u00e1hoz sz\u00fcks\u00e9ges tananyag megegyezik a fizika \u00e9retts\u00e9gi anyag\u00e1val. <\/p>\n\n\n\n<p>Az <strong>\u00c9retts\u00e9gi<\/strong> \u00e9rt\u00e9k\u00e9t az al\u00e1bbiak k\u00f6z\u00fcl v\u00e1laszthatja ki a jel\u00f6lt:<\/p>\n\n\n\n<ul class=\"wp-block-list\">\n<li>\u00c9retts\u00e9gi \u00e1tlag<\/li>\n\n\n\n<li>Az \u00e9retts\u00e9gin el\u00e9rt fizika, matematika vagy informatika jegy.<\/li>\n<\/ul>\n\n\n\n<h3 class=\"wp-block-heading\">2. <strong>\u00c9retts\u00e9gi diplom\u00e1val rendelkez\u0151 \u00e9s iskolai versenyen eredm\u00e9nyt el\u00e9r\u0151 l\u00edceumi v\u00e9gzett <\/strong>akik<strong>:&nbsp;<\/strong><\/h3>\n\n\n\n<ul class=\"wp-block-list\">\n<li><strong>legkevesebb 70 pontot \u00e9rtek el a Fizika Kar \u00e1ltal szervezett Augustin Maior versenyen<\/strong> az al\u00e1bbi pontsz\u00e1m alapj\u00e1n ker\u00fclnek elb\u00edr\u00e1l\u00e1sra:<\/li>\n<\/ul>\n\n\n\n<p class=\"has-text-align-center\"><strong>FELV\u00c9TELI JEGY = Augustin Maior eredm\u00e9ny \/ 60 + 25 \/ 3<\/strong><\/p>\n\n\n\n<p>A fentiek alapj\u00e1n pl. 70 pontos versenyeredm\u00e9ny eset\u00e9n a jel\u00f6lt 9.50-es jeggyel vesz r\u00e9szt a felv\u00e9telin.&nbsp;<\/p>\n\n\n\n<hr class=\"wp-block-separator has-alpha-channel-opacity\"\/>\n\n\n\n<ul class=\"wp-block-list\">\n<li>Amennyiben\n<ul class=\"wp-block-list\">\n<li><strong>az Augustin Maior verseny d\u00edjazottja<\/strong> vagy<\/li>\n\n\n\n<li>a l\u00edceumi \u00e9vek alatt <strong>d\u00edjakat vagy elismer\u00e9seket \u00e9rt el nemzetk\u00f6zi, orsz\u00e1gos vagy megyei iskolai versenyeken <\/strong>(olimpiade scolare) <strong>fizik\u00e1b\u00f3l, csillag\u00e1szattan \u00e9s asztrofizik\u00e1b\u00f3l, matematik\u00e1b\u00f3l vagy informatik\u00e1b\u00f3l<\/strong>&nbsp;&nbsp;<\/li>\n<\/ul>\n<\/li>\n<\/ul>\n\n\n\n<p>10-es \u00e1tlaggal vesz r\u00e9sz a felv\u00e9telin az \u00e9retts\u00e9gi eredm\u00e9nyt\u0151l f\u00fcggetlen\u00fcl.&nbsp;<\/p>\n\n\n\n<p class=\"has-text-align-center\"><strong>FELV\u00c9TELI JEGY = 10<\/strong><\/p>\n\n\n\n<hr class=\"wp-block-separator has-alpha-channel-opacity\"\/>\n\n\n\n<ul class=\"wp-block-list\">\n<li>Amennyiben d\u00edjat vagy elismer\u00e9st \u00e9rt e az al\u00e1bbi versenyek valamelyik\u00e9n:\n<ul class=\"wp-block-list\">\n<li>\u201cStefan Procopiu\u201d, \u201cPHI\u201d, \u201cSchwartz Lajos\u201d &#8211; Nagyv\u00e1rad, \u201c\u00d6veges J\u00f3zsef &#8211; Vermes Mikl\u00f3s\u201d, \u201cNemes Tiham\u00e9r\u201d, \u201cNemzetk\u00f6zi Magyar Matematikaverseny\u201d,<\/li>\n\n\n\n<li>A \u201cTUDEK\u201d orsz\u00e1gos szakasz\u00e1n fizika, informatika vagy matematika szekci\u00f3j\u00e1ban,<\/li>\n\n\n\n<li>A \u201cStiintele Pamantului\u201d interdiszciplin\u00e1ris vagy \u201cBolyai Farkas\u201d multidiszciplin\u00e1ris versenyek orsz\u00e1gos szakasz\u00e1n,<\/li>\n\n\n\n<li>Az International Contest of Young Scientist orsz\u00e1gos vagy nemzetk\u00f6zi szakasz\u00e1n,<\/li>\n\n\n\n<li>M\u00e1s olyan versenyen melyet a felv\u00e9teli bizotts\u00e1g j\u00f3v\u00e1hagy a jel\u00f6lt \u00edr\u00e1sban beadott k\u00e9rv\u00e9nye alapj\u00e1n<\/li>\n<\/ul>\n<\/li>\n<\/ul>\n\n\n\n<p>&nbsp;&nbsp;&nbsp;&nbsp;&nbsp;&nbsp;&nbsp;&nbsp;&nbsp;&nbsp;&nbsp;&nbsp;&nbsp;&nbsp;&nbsp;&nbsp;&nbsp;&nbsp;&nbsp;&nbsp;&nbsp;&nbsp;az \u00e9retts\u00e9gi eredm\u00e9nyt\u0151l f\u00fcggetlen\u00fcl a k\u00f6vetkez\u0151k szerint:<\/p>\n\n\n\n<p class=\"has-text-align-center\"><strong>I. helyez\u00e9s:&nbsp; &nbsp; FELV\u00c9TELI JEGY&nbsp; = 10<\/strong><\/p>\n\n\n\n<p class=\"has-text-align-center\"><strong>II. helyez\u00e9s: &nbsp; FELV\u00c9TELI JEGY&nbsp; = &nbsp; 9.90<\/strong><\/p>\n\n\n\n<p class=\"has-text-align-center\"><strong>III. helyez\u00e9s:&nbsp; FELV\u00c9TELI JEGY&nbsp; = &nbsp; 9.80<\/strong><\/p>\n\n\n\n<p class=\"has-text-align-center\"><strong>Dics\u00e9ret:&nbsp; &nbsp; &nbsp; &nbsp; FELV\u00c9TELI JEGY&nbsp; = &nbsp; 9.70<\/strong><\/p>\n\n\n\n<h3 class=\"wp-block-heading\">Egyetemi (nem fizika) alapk\u00e9pz\u00e9st igazol\u00f3 oklev\u00e9llel rendelkez\u0151 jel\u00f6lt, aki <\/h3>\n\n\n\n<p>1. egzakt tudom\u00e1nyok ter\u00fclet\u00e9n kapott k\u00e9pz\u00e9st:<\/p>\n\n\n\n<p class=\"has-text-align-center\"><strong>FELV\u00c9TELI \u00c1TLAG = licenszvizsga \u00e1tlaga<\/strong><\/p>\n\n\n\n<hr class=\"wp-block-separator has-alpha-channel-opacity\"\/>\n\n\n\n<p>2. nem az egzakt tudom\u00e1nyok ter\u00fclet\u00e9n kapott k\u00e9pz\u00e9st, az a megszokott felv\u00e9teli elj\u00e1r\u00e1s alapj\u00e1n versenyzik.&nbsp;&nbsp;<\/p>\n\n\n\n<h3 class=\"wp-block-heading\">Azonos FELV\u00c9TELI JEGY&nbsp; eset\u00e9n a rangsorol\u00e1s az al\u00e1bbi krit\u00e9riumok alapj\u00e1n t\u00f6rt\u00e9nik:<\/h3>\n\n\n\n<div class=\"wp-block-columns is-layout-flex wp-container-core-columns-is-layout-9d6595d7 wp-block-columns-is-layout-flex\">\n<div class=\"wp-block-column is-layout-flow wp-block-column-is-layout-flow\">\n<p class=\"has-text-align-center\"><strong>C1<\/strong><\/p>\n\n\n\n<ul class=\"wp-block-list\">\n<li>Orsz\u00e1gos vagy nemzetk\u00f6zi iskolai verseny &#8211; 10<\/li>\n\n\n\n<li>Fizika verseny &#8211; 9.50&nbsp;<\/li>\n\n\n\n<li>M\u00e1s elismert tant\u00e1rgyverseny &#8211; 9<\/li>\n\n\n\n<li>Fizika \u00e9retts\u00e9gi jegye<\/li>\n<\/ul>\n<\/div>\n\n\n\n<div class=\"wp-block-column is-layout-flow wp-block-column-is-layout-flow\">\n<p class=\"has-text-align-center\"><strong>C2<\/strong><\/p>\n\n\n\n<ul class=\"wp-block-list\">\n<li>Nemzetk\u00f6zi verseny 1. helyezett &#8211; 10<\/li>\n\n\n\n<li>Nemzetk\u00f6zi verseny 2. helyezett &#8211; 9.90<\/li>\n\n\n\n<li>Nemzetk\u00f6zi verseny 3. helyezett &#8211; 9.80<\/li>\n\n\n\n<li>Nemzetk\u00f6zi verseny dics\u00e9ret &#8211; 9.70<\/li>\n\n\n\n<li>Orsz\u00e1gos verseny 1. helyezett &#8211; 9.50<\/li>\n\n\n\n<li>Orsz\u00e1gos verseny 2. helyezett &#8211; 9.40<\/li>\n\n\n\n<li>Orsz\u00e1gos verseny 3. helyezett &#8211; 9.30<\/li>\n\n\n\n<li>Orsz\u00e1gos verseny dics\u00e9ret&nbsp; &#8211; 9.20<\/li>\n\n\n\n<li>Megyei verseny 1. helyezett &#8211; 9<\/li>\n\n\n\n<li>Megyei verseny 2. helyezett &#8211; 8.90<\/li>\n\n\n\n<li>Megyei verseny 3. helyezett &#8211; 8.80<\/li>\n\n\n\n<li>Megyei verseny dics\u00e9ret &#8211; 8.70<\/li>\n\n\n\n<li>\u00c9retts\u00e9gi vizsga \u00e1tlaga<\/li>\n<\/ul>\n<\/div>\n\n\n\n<div class=\"wp-block-column is-layout-flow wp-block-column-is-layout-flow\">\n<p class=\"has-text-align-center\"><strong>C3<\/strong><\/p>\n\n\n\n<ul class=\"wp-block-list\">\n<li>Matematika \u00e9retts\u00e9gi jegye<\/li>\n<\/ul>\n<\/div>\n<\/div>\n\n\n\n<p>A mesteri k\u00e9pz\u00e9sre vonatkoz\u00f3 t\u00e1j\u00e9koztat\u00f3 az <a href=\"https:\/\/phys.ubbcluj.ro\/admitere_mast.htm\">eredeti rom\u00e1n nyelv\u0171 v\u00e1ltozatban<\/a> tal\u00e1lhat\u00f3 meg.<\/p>\n","protected":false},"excerpt":{"rendered":"<p>(a Fizika Kar f\u00fcggel\u00e9ke a 2024-2025-\u00f6s tan\u00e9vben alapk\u00e9pz\u00e9sre t\u00f6rt\u00e9n\u0151 felv\u00e9telire vonatkoz\u00f3 \u00e1ltal\u00e1nos szab\u00e1lyzathoz) A jel\u00f6ltek rangsorol\u00e1sa a FELV\u00c9TELI JEGY szerint \u00e9s a beiratkoz\u00e1sn\u00e1l megjel\u00f6lt opci\u00f3k f\u00fcggv\u00e9ny\u00e9ben t\u00f6rt\u00e9nik. 1. \u00c9retts\u00e9gi diplom\u00e1val rendelkez\u0151k eset\u00e9n az al\u00e1bbi k\u00e9plet szerint sz\u00e1moljuk a felv\u00e9teli jegyet: FELV\u00c9TELI JEGY = 0.5 x Felv\u00e9teli vizsga jegye + 0.5 x \u00c9retts\u00e9gi&nbsp; Az \u00edrott felv\u00e9teli &hellip; <\/p>\n<div class=\"link-more\"><a href=\"https:\/\/atom.ubbcluj.ro\/fizika\/felveteli-szabalyzat\/\" class=\"more-link\">Read More<span class=\"screen-reader-text\"> &#8220;Felv\u00e9teli szab\u00e1lyzat&#8221;<\/span><\/a><\/div>\n","protected":false},"author":1,"featured_media":0,"parent":0,"menu_order":0,"comment_status":"closed","ping_status":"closed","template":"","meta":{"wpupg_custom_link":[],"wpupg_custom_link_behaviour":[],"wpupg_custom_link_nofollow":[],"wpupg_custom_image":[],"wpupg_custom_image_id":[],"footnotes":""},"class_list":["post-2058","page","type-page","status-publish","hentry"],"featured_image_src":null,"_links":{"self":[{"href":"https:\/\/atom.ubbcluj.ro\/fizika\/wp-json\/wp\/v2\/pages\/2058","targetHints":{"allow":["GET"]}}],"collection":[{"href":"https:\/\/atom.ubbcluj.ro\/fizika\/wp-json\/wp\/v2\/pages"}],"about":[{"href":"https:\/\/atom.ubbcluj.ro\/fizika\/wp-json\/wp\/v2\/types\/page"}],"author":[{"embeddable":true,"href":"https:\/\/atom.ubbcluj.ro\/fizika\/wp-json\/wp\/v2\/users\/1"}],"replies":[{"embeddable":true,"href":"https:\/\/atom.ubbcluj.ro\/fizika\/wp-json\/wp\/v2\/comments?post=2058"}],"version-history":[{"count":14,"href":"https:\/\/atom.ubbcluj.ro\/fizika\/wp-json\/wp\/v2\/pages\/2058\/revisions"}],"predecessor-version":[{"id":2372,"href":"https:\/\/atom.ubbcluj.ro\/fizika\/wp-json\/wp\/v2\/pages\/2058\/revisions\/2372"}],"wp:attachment":[{"href":"https:\/\/atom.ubbcluj.ro\/fizika\/wp-json\/wp\/v2\/media?parent=2058"}],"curies":[{"name":"wp","href":"https:\/\/api.w.org\/{rel}","templated":true}]}}