{"id":71,"date":"2021-07-22T11:13:48","date_gmt":"2021-07-22T11:13:48","guid":{"rendered":"https:\/\/atom.ubbcluj.ro\/fizika\/?page_id=71"},"modified":"2024-09-29T11:19:18","modified_gmt":"2024-09-29T08:19:18","slug":"rolunk-mondtak","status":"publish","type":"page","link":"https:\/\/atom.ubbcluj.ro\/fizika\/rolunk-mondtak\/","title":{"rendered":"\u00d6regdi\u00e1kok v\u00e9lem\u00e9nye"},"content":{"rendered":"\n<div class=\"wp-block-media-text alignwide is-stacked-on-mobile\" style=\"grid-template-columns:15% auto\"><figure class=\"wp-block-media-text__media\"><img loading=\"lazy\" decoding=\"async\" width=\"150\" height=\"107\" src=\"https:\/\/atom.ubbcluj.ro\/fizika\/wp-content\/uploads\/2021\/09\/albertistvanreka.jpeg\" alt=\"\" class=\"wp-image-758 size-full\"\/><\/figure><div class=\"wp-block-media-text__content\">\n<blockquote class=\"wp-block-quote is-layout-flow wp-block-quote-is-layout-flow\">\n<p><em>Minden tudom\u00e1ny a fizika egy al\u00e1ga, ez\u00e9rt aki a fizik\u00e1ra alapoz, szinte mindenhez \u00e9rt.<\/em><\/p>\n<cite><strong>Dr. ALBERT ISTV\u00c1N<\/strong>\u00a0(Professor of Bioinformatics, Pennsylvania State University, USA)<br><strong>Dr. ALBERT R\u00c9KA<\/strong>\u00a0(Professor of Physics and Biology, Pennsylvania State University, USA)<\/cite><\/blockquote>\n<\/div><\/div>\n\n\n\n<div class=\"wp-block-media-text alignwide has-media-on-the-right is-stacked-on-mobile\" style=\"grid-template-columns:auto 15%\"><div class=\"wp-block-media-text__content\">\n<blockquote class=\"wp-block-quote is-layout-flow wp-block-quote-is-layout-flow\">\n<p><em>Mint mikor a macskak\u00f6ly\u00f6k szeme el\u0151sz\u00f6r kiny\u00edlik, olyan \u00e9rz\u00e9s volt Kolozsv\u00e1rra ker\u00fclve m\u00e9lyebb bepillant\u00e1st nyerni a fizika k\u00fcl\u00f6nb\u00f6z\u0151 ter\u00fcleteire, megtapasztalni a tudom\u00e1nyos kutat\u00e1s \u00e9s felfedez\u00e9s izgalm\u00e1t, \u00e1t\u00e9rezni Erd\u00e9ly soksz\u00edn\u0171s\u00e9g\u00e9t, majd el\u0151sz\u00f6r emelni sz\u00f3t az anyanyelven val\u00f3 egyetemi oktat\u00e1s \u00e9rdek\u00e9ben. Telesz\u00edvtuk magunkat kult\u00far\u00e1val, tud\u00e1ssal, \u00e9s bar\u00e1ts\u00e1gokat sz\u0151tt\u00fcnk, \u00f6r\u00f6k \u00fatraval\u00f3t gy\u0171jtve az \u00fatra, amire r\u00e1\u00e1lltunk, miut\u00e1n utolj\u00e1ra kil\u00e9pt\u00fcnk az egyetem kapuj\u00e1n.<\/em><\/p>\n<cite><strong>Dr. BAL\u00c1ZSI G\u00c1BOR<\/strong>\u00a0(Henry Laufer Associate Professor, University of Texas M. D. Anderson Cancer Center, Department of Systems Biology, Houston, USA)<\/cite><\/blockquote>\n<\/div><figure class=\"wp-block-media-text__media\"><img loading=\"lazy\" decoding=\"async\" width=\"105\" height=\"150\" src=\"https:\/\/atom.ubbcluj.ro\/fizika\/wp-content\/uploads\/2021\/09\/balazsigabor.jpeg\" alt=\"\" class=\"wp-image-765 size-full\"\/><\/figure><\/div>\n\n\n\n<div class=\"wp-block-media-text alignwide is-stacked-on-mobile\" style=\"grid-template-columns:15% auto\"><figure class=\"wp-block-media-text__media\"><img loading=\"lazy\" decoding=\"async\" width=\"120\" height=\"150\" src=\"https:\/\/atom.ubbcluj.ro\/fizika\/wp-content\/uploads\/2021\/09\/balintzoltan.jpeg\" alt=\"\" class=\"wp-image-768 size-full\"\/><\/figure><div class=\"wp-block-media-text__content\">\n<blockquote class=\"wp-block-quote is-layout-flow wp-block-quote-is-layout-flow\">\n<p><em>Az \u00e9let minden ter\u00e9n haszn\u00e1t veszem a F\u0151\u00e9p\u00fcletben t\u00f6lt\u00f6tt id\u0151 alatt tanultaknak. Egyr\u00e9szt, a Fizika karon szerzett ismeretek seg\u00edtenek helyt\u00e1llnom a munk\u00e1mban. M\u00e1sr\u00e9szt, az \u00e9letszeml\u00e9letem \u00e9s a vil\u00e1gr\u00f3l kialakult k\u00e9pem form\u00e1l\u00e1s\u00e1t nagyban k\u00f6sz\u00f6nhetem az egyetemi \u00e9veim alatt a fizika karon oktat\u00f3knak \u00e9s hallgat\u00f3knak.<\/em><\/p>\n<cite><strong>Dr. B\u00c1LINT ZOLT\u00c1N<\/strong>\u00a0(Egyetemi tan\u00e1r, Fizika Kar, Babe\u0219-Bolyai Tudom\u00e1nyegyetem)<\/cite><\/blockquote>\n\n\n\n<p><\/p>\n<\/div><\/div>\n\n\n\n<div class=\"wp-block-media-text alignwide has-media-on-the-right is-stacked-on-mobile\" style=\"grid-template-columns:auto 15%\"><div class=\"wp-block-media-text__content\">\n<blockquote class=\"wp-block-quote is-layout-flow wp-block-quote-is-layout-flow\">\n<p><em>Ezen a karon belek\u00f3stolhatsz a kutat\u00e1s vil\u00e1g\u00e1ba, megismerheted milyen \u00e9rz\u00e9s olyan k\u00e9rd\u00e9seken gondolkodni, amelyekre m\u00e9g nem ismert a v\u00e1lasz.<\/em><\/p>\n<cite><strong>Dr. ERCSEY-RAVASZ M\u00c1RIA-MAGDOLNA<\/strong> (Kutat\u00f3, Fizika Kar, Babe\u0219-Bolyai Tudom\u00e1nyegyetem)<\/cite><\/blockquote>\n<\/div><figure class=\"wp-block-media-text__media\"><img loading=\"lazy\" decoding=\"async\" width=\"125\" height=\"150\" src=\"https:\/\/atom.ubbcluj.ro\/fizika\/wp-content\/uploads\/2021\/09\/ercseyravaszmariamagdolna.jpeg\" alt=\"\" class=\"wp-image-770 size-full\"\/><\/figure><\/div>\n","protected":false},"excerpt":{"rendered":"","protected":false},"author":1,"featured_media":0,"parent":0,"menu_order":0,"comment_status":"closed","ping_status":"closed","template":"","meta":{"wpupg_custom_link":[],"wpupg_custom_link_behaviour":[],"wpupg_custom_link_nofollow":[],"wpupg_custom_image":[],"wpupg_custom_image_id":[],"footnotes":""},"class_list":["post-71","page","type-page","status-publish","hentry"],"featured_image_src":null,"_links":{"self":[{"href":"https:\/\/atom.ubbcluj.ro\/fizika\/wp-json\/wp\/v2\/pages\/71","targetHints":{"allow":["GET"]}}],"collection":[{"href":"https:\/\/atom.ubbcluj.ro\/fizika\/wp-json\/wp\/v2\/pages"}],"about":[{"href":"https:\/\/atom.ubbcluj.ro\/fizika\/wp-json\/wp\/v2\/types\/page"}],"author":[{"embeddable":true,"href":"https:\/\/atom.ubbcluj.ro\/fizika\/wp-json\/wp\/v2\/users\/1"}],"replies":[{"embeddable":true,"href":"https:\/\/atom.ubbcluj.ro\/fizika\/wp-json\/wp\/v2\/comments?post=71"}],"version-history":[{"count":7,"href":"https:\/\/atom.ubbcluj.ro\/fizika\/wp-json\/wp\/v2\/pages\/71\/revisions"}],"predecessor-version":[{"id":2531,"href":"https:\/\/atom.ubbcluj.ro\/fizika\/wp-json\/wp\/v2\/pages\/71\/revisions\/2531"}],"wp:attachment":[{"href":"https:\/\/atom.ubbcluj.ro\/fizika\/wp-json\/wp\/v2\/media?parent=71"}],"curies":[{"name":"wp","href":"https:\/\/api.w.org\/{rel}","templated":true}]}}