{"id":733,"date":"2021-09-24T22:25:36","date_gmt":"2021-09-24T19:25:36","guid":{"rendered":"https:\/\/atom.ubbcluj.ro\/fizika\/?page_id=733"},"modified":"2023-03-02T14:48:01","modified_gmt":"2023-03-02T11:48:01","slug":"osztondijak","status":"publish","type":"page","link":"https:\/\/atom.ubbcluj.ro\/fizika\/osztondijak\/","title":{"rendered":"\u00d6szt\u00f6nd\u00edjak"},"content":{"rendered":"\n<p><span class=\"has-inline-color has-black-color\"><\/span><\/p>\n\n\n\n<h3 class=\"wp-block-heading\" id=\"a-babe\u0219-bolyai-tudomanyegyetem-osztondijtipusai\">A Babe\u0219-Bolyai Tudom\u00e1nyegyetem \u00f6szt\u00f6nd\u00edjt\u00edpusai <\/h3>\n\n\n\n<ul class=\"wp-block-list\">\n<li>Tanulm\u00e1nyi \u00e9rdem\u00f6szt\u00f6nd\u00edj (burs\u0103 de performan\u021b\u0103)<\/li>\n\n\n\n<li>Tanulm\u00e1nyi \u00f6szt\u00f6nd\u00edj (burs\u0103 de studiu)<\/li>\n\n\n\n<li>Szoci\u00e1lis \u00f6szt\u00f6nd\u00edj (burs\u0103 de ajutor social)<\/li>\n\n\n\n<li>Kiemelked\u0151 kutat\u00e1si, sport \u00e9s m\u0171v\u00e9szeti eredm\u00e9nyeket d\u00edjaz\u00f3 \u00f6szt\u00f6nd\u00edj (burse speciale)<\/li>\n<\/ul>\n\n\n\n<h3 class=\"wp-block-heading\" id=\"osztondijkeres-online-leadasa\">\u00d6szt\u00f6nd\u00edjk\u00e9r\u00e9s online lead\u00e1sa<\/h3>\n\n\n\n<ul class=\"wp-block-list\">\n<li><strong>Platform:<\/strong> <a rel=\"noreferrer noopener\" href=\"https:\/\/inscrieri.ubbcluj.ro\/burse\" target=\"_blank\">https:\/\/inscrieri.ubbcluj.ro\/burse<\/a><\/li>\n\n\n\n<li><strong>Felhaszn\u00e1l\u00f3n\u00e9v \u00e9s jelsz\u00f3:<\/strong> Az int\u00e9zm\u00e9nyes email c\u00edm \u00e9s a hozz\u00e1 tartoz\u00f3 jelsz\u00f3<\/li>\n\n\n\n<li><strong>FONTOS!:<\/strong>  Szoci\u00e1lis \u00f6szt\u00f6nd\u00edjk\u00e9r\u00e9s eset\u00e9n a eredeti mell\u00e9kletek lead\u00e1sa k\u00f6telez\u0151!<\/li>\n\n\n\n<li><strong>FONTOS!:<\/strong> Tanulm\u00e1nyi \u00f6szt\u00f6nd\u00edjak eset\u00e9n az \u00f6szt\u00f6nd\u00edjk\u00e9r\u00e9s eredeti p\u00e9ld\u00e1ny\u00e1nak lead\u00e1sa aj\u00e1nlott!<\/li>\n<\/ul>\n\n\n\n<h3 class=\"wp-block-heading\" id=\"hataridok-2021-2022-es-tanev-masodik-felev\">Hat\u00e1rid\u0151k (2022-2023-es tan\u00e9v, m\u00e1sodik f\u00e9l\u00e9v)<mark style=\"background-color:rgba(0, 0, 0, 0)\" class=\"has-inline-color has-black-color\"><mark style=\"background-color:rgba(0, 0, 0, 0)\" class=\"has-inline-color has-black-color\"><\/mark><\/mark><\/h3>\n\n\n\n<ul class=\"wp-block-list\">\n<li><strong>Febru\u00e1r 27 &#8211; M\u00e1rcius 17, 16:00 \u00f3ra:<\/strong> \u00d6szt\u00f6nd\u00edjk\u00e9r\u00e9sek lead\u00e1sa. (az eredeti dokumentumok lead\u00e1s munkanapokon 9-12 k\u00f6z\u00f6tt a kari titk\u00e1rs\u00e1gon lehets\u00e9ges) <\/li>\n\n\n\n<li><strong>M\u00e1rcius 20 &#8211; M\u00e1rcius 28:<\/strong> \u00d6szt\u00f6nd\u00edjk\u00e9r\u00e9sek elb\u00edr\u00e1l\u00e1sa.<\/li>\n\n\n\n<li><strong>M\u00e1rcius 28:<\/strong> Eredm\u00e9nyek k\u00f6zz\u00e9t\u00e9tele (a Fizika Kar honlapj\u00e1n \u00e9s hirdet\u0151t\u00e1bl\u00e1j\u00e1n).<\/li>\n\n\n\n<li><strong>M\u00e1rcius 29 &#8211; M\u00e1rcius 31:<\/strong> \u00d3v\u00e1sok beny\u00fajt\u00e1sa (szem\u00e9lyesen a kar titk\u00e1rs\u00e1gon, vagy elektronikus post\u00e1n: secretariat.phys@ubbcluj.ro)<\/li>\n\n\n\n<li><strong>\u00c1prilis 5: <\/strong>\u00d3v\u00e1sok eredm\u00e9ny\u00e9nek k\u00f6zz\u00e9t\u00e9tele<\/li>\n\n\n\n<li><strong>\u00c1prilis 5:<\/strong> A v\u00e9gs\u0151 eredm\u00e9nyek k\u00f6zz\u00e9t\u00e9tele<\/li>\n\n\n\n<li><strong>\u00c1prilis 20-21:<\/strong> \u00d6szt\u00f6nd\u00edj utal\u00e1sa <\/li>\n<\/ul>\n\n\n\n<p>R\u00e9szletes hat\u00e1rid\u0151k: <a href=\"https:\/\/www.ubbcluj.ro\/ro\/studenti\/files\/burse\/2022-2023\/Calendar_de_acordare_a_burselor_semestrul_I_2022-2023.pdf\">i<\/a><a href=\"https:\/\/www.ubbcluj.ro\/ro\/studenti\/files\/burse\/2022-2023\/Calendar_de_acordare_a_burselor_semestrul_II_2022-2023.pdf\">tt<\/a><\/p>\n\n\n\n<h3 class=\"wp-block-heading\" id=\"osztondijkeresek-tartalma\">\u00d6szt\u00f6nd\u00edjk\u00e9r\u00e9sek tartalma<\/h3>\n\n\n\n<figure class=\"wp-block-table is-style-regular\"><table><tbody><tr><td><strong>Tanulm\u00e1nyi \u00d6szt\u00f6nd\u00edjak<\/strong><\/td><td><strong>Szoci\u00e1lis \u00f6szt\u00f6nd\u00edjak<\/strong><\/td><td><strong>Kiemelked\u0151 teljes\u00edtm\u00e9nyt d\u00edjaz\u00f3 \u00f6szt\u00f6nd\u00edjak<\/strong><\/td><\/tr><tr><td><a href=\"http:\/\/phys.ubbcluj.ro\/studenti\/burse\/doc\/cerere_bursa_perf2023.doc\">\u00d6szt\u00f6nd\u00edjk\u00e9r\u00e9s<\/a><\/td><td><a href=\"http:\/\/phys.ubbcluj.ro\/studenti\/burse\/doc\/cerere_bursa_sociala.pdf\">\u00d6szt\u00f6nd\u00edjk\u00e9r\u00e9s (szoci\u00e1lis)<\/a><br><a href=\"http:\/\/phys.ubbcluj.ro\/studenti\/burse\/doc\/declaratie_raspundere.pdf\">Nyilatkozat<\/a><br><a href=\"http:\/\/phys.ubbcluj.ro\/studenti\/burse\/doc\/verificare_conformitate.pdf\">Ellen\u0151rz\u0151 lap<\/a><br>Csatoland\u00f3 mell\u00e9kletek<\/td><td><a href=\"http:\/\/phys.ubbcluj.ro\/studenti\/burse\/bp2020\/cerere_bp2020.doc\">\u00d6szt\u00f6nd\u00edjk\u00e9r\u00e9s<\/a><br>Csatoland\u00f3 mell\u00e9kletek<\/td><\/tr><\/tbody><\/table><\/figure>\n\n\n\n<h3 class=\"wp-block-heading\" id=\"hasznos-informaciok\">Hasznos inform\u00e1ci\u00f3k<\/h3>\n\n\n\n<ul class=\"wp-block-list\">\n<li><a href=\"https:\/\/phys.ubbcluj.ro\/studenti\/burse\/doc\/burse2_2022_2023.pdf\">\u00datmutat\u00f3 a szoci\u00e1lis \u00f6szt\u00f6nd\u00edjhoz<\/a><\/li>\n\n\n\n<li><a href=\"https:\/\/www.ubbcluj.ro\/ro\/studenti\/burse\/regulament_burse\">A Babe\u0219-Bolyai Tudom\u00e1nyegyetem \u00f6szt\u00f6nd\u00edjszab\u00e1lyzata<\/a><\/li>\n<\/ul>\n\n\n\n<p><\/p>\n","protected":false},"excerpt":{"rendered":"<p>A Babe\u0219-Bolyai Tudom\u00e1nyegyetem \u00f6szt\u00f6nd\u00edjt\u00edpusai \u00d6szt\u00f6nd\u00edjk\u00e9r\u00e9s online lead\u00e1sa Hat\u00e1rid\u0151k (2022-2023-es tan\u00e9v, m\u00e1sodik f\u00e9l\u00e9v) R\u00e9szletes hat\u00e1rid\u0151k: itt \u00d6szt\u00f6nd\u00edjk\u00e9r\u00e9sek tartalma Tanulm\u00e1nyi \u00d6szt\u00f6nd\u00edjak Szoci\u00e1lis \u00f6szt\u00f6nd\u00edjak Kiemelked\u0151 teljes\u00edtm\u00e9nyt d\u00edjaz\u00f3 \u00f6szt\u00f6nd\u00edjak \u00d6szt\u00f6nd\u00edjk\u00e9r\u00e9s \u00d6szt\u00f6nd\u00edjk\u00e9r\u00e9s (szoci\u00e1lis)NyilatkozatEllen\u0151rz\u0151 lapCsatoland\u00f3 mell\u00e9kletek \u00d6szt\u00f6nd\u00edjk\u00e9r\u00e9sCsatoland\u00f3 mell\u00e9kletek Hasznos inform\u00e1ci\u00f3k<\/p>\n","protected":false},"author":1,"featured_media":0,"parent":0,"menu_order":0,"comment_status":"closed","ping_status":"closed","template":"","meta":{"wpupg_custom_link":[],"wpupg_custom_link_behaviour":[],"wpupg_custom_link_nofollow":[],"wpupg_custom_image":[],"wpupg_custom_image_id":[],"footnotes":""},"class_list":["post-733","page","type-page","status-publish","hentry"],"featured_image_src":null,"_links":{"self":[{"href":"https:\/\/atom.ubbcluj.ro\/fizika\/wp-json\/wp\/v2\/pages\/733","targetHints":{"allow":["GET"]}}],"collection":[{"href":"https:\/\/atom.ubbcluj.ro\/fizika\/wp-json\/wp\/v2\/pages"}],"about":[{"href":"https:\/\/atom.ubbcluj.ro\/fizika\/wp-json\/wp\/v2\/types\/page"}],"author":[{"embeddable":true,"href":"https:\/\/atom.ubbcluj.ro\/fizika\/wp-json\/wp\/v2\/users\/1"}],"replies":[{"embeddable":true,"href":"https:\/\/atom.ubbcluj.ro\/fizika\/wp-json\/wp\/v2\/comments?post=733"}],"version-history":[{"count":16,"href":"https:\/\/atom.ubbcluj.ro\/fizika\/wp-json\/wp\/v2\/pages\/733\/revisions"}],"predecessor-version":[{"id":1985,"href":"https:\/\/atom.ubbcluj.ro\/fizika\/wp-json\/wp\/v2\/pages\/733\/revisions\/1985"}],"wp:attachment":[{"href":"https:\/\/atom.ubbcluj.ro\/fizika\/wp-json\/wp\/v2\/media?parent=733"}],"curies":[{"name":"wp","href":"https:\/\/api.w.org\/{rel}","templated":true}]}}